base 2, what is -1001111000110010101001 + -110?
-1001111000110010101111
In base 2, what is 1001 - 1100111101100001101?
-1100111101100000100
In base 14, what is -2 + -2da3268?
-2da326a
In base 11, what is -3 - -925583?
925580
In base 8, what is -12353274 + 46?
-12353226
In base 15, what is -33618696 - 2?
-33618698
In base 16, what is 3dd26d5 - -2?
3dd26d7
In base 9, what is -3132384 + 3?
-3132381
In base 7, what is 4 + 451521446?
451521453
In base 10, what is 18 - 64341180?
-64341162
In base 15, what is 0 - -1568703?
1568703
In base 10, what is 3 + 17005461?
17005464
In base 14, what is 24 + 3ac5b2?
3ac5d6
In base 6, what is 1025131301 - -10?
1025131311
In base 11, what is 3 - 265a111?
-265a109
In base 4, what is 3112301 - -3102?
3122003
In base 3, what is 211201022000002 - -110?
211201022000112
In base 5, what is 1 + -3333010333?
-3333010332
In base 4, what is -1022210120300 - -1?
-1022210120233
In base 9, what is 14 - -313364?
313378
In base 4, what is 1 - -1300322233231?
1300322233232
In base 11, what is -5601 + 721?
-4990
In base 6, what is -1541535 - -155?
-1541340
In base 2, what is 100111001 + -100100111100101?
-100100010101100
In base 12, what is 6407 + 290?
6697
In base 7, what is 31010 - 13546?
14131
In base 13, what is -5 + -5b50c5?
-5b50ca
In base 9, what is 4 + 286235842?
286235846
In base 2, what is -10011111011011110 - -110111101011?
-10011000011110011
In base 16, what is 78 - 26c0f?
-26b97
In base 15, what is ea4 - -2214?
31b8
In base 2, what is -101110111001101011 + 1011001001?
-101110101110100010
In base 3, what is -1 - 2200102220110?
-2200102220111
In base 8, what is -47640 + -1635?
-51475
In base 2, what is 11000001110111000101100 + -1?
11000001110111000101011
In base 6, what is -1 + 110554104?
110554103
In base 16, what is -c61bff - -2?
-c61bfd
In base 6, what is 4543451304 + -2?
4543451302
In base 11, what is 5a49 - -31?
5a7a
In base 12, what is -1 - -82b623?
82b622
In base 12, what is 2 + 2338999b?
233899a1
In base 2, what is -10000011 + -1100001011011101?
-1100001101100000
In base 7, what is 254362 + -505?
253554
In base 4, what is -1013 + 10121233333?
10121232320
In base 5, what is -200004 + 2224333?
2024324
In base 9, what is -3610 - -4?
-3605
In base 5, what is -1302 + -1004220?
-1011022
In base 2, what is -101001 - 10101111001001001?
-10101111001110010
In base 15, what is -9 - -1552c?
15523
In base 5, what is -2232414 - -212410?
-2020004
In base 10, what is -5 - -25108399?
25108394
In base 9, what is -114 - 415227?
-415342
In base 16, what is -dc4f - d8?
-dd27
In base 5, what is -31311 - -1032340?
1001024
In base 6, what is -1321033 - -155?
-1320434
In base 10, what is -287526 + 190?
-287336
In base 6, what is 141 - 23450?
-23305
In base 4, what is 203022330310 - -3?
203022330313
In base 10, what is 2 - -1852800?
1852802
In base 9, what is -14486464 + -1?
-14486465
In base 8, what is -3 + 11440741?
11440736
In base 10, what is 6 + 25427339?
25427345
In base 14, what is -59 - 12d97?
-13012
In base 11, what is -7475a - -140?
-7461a
In base 15, what is -14e48a4d - 1?
-14e48a4e
In base 4, what is 11002011 + -231232?
10110113
In base 15, what is 2795 + -93d?
1d57
In base 6, what is 5 - 2125102254?
-2125102245
In base 15, what is -11b3 - -12c?
-1086
In base 11, what is 22 - 5a57755?
-5a57733
In base 9, what is -858 + 80385?
78426
In base 6, what is 5010 + 253525?
302535
In base 10, what is 1551135 + 0?
1551135
In base 8, what is 1051 + 441624?
442675
In base 11, what is 15a8 + -35a21?
-34424
In base 15, what is 40ab + -29b85?
-25ac9
In base 3, what is 2000100001001210 + 1001?
2000100001002211
In base 10, what is -997076 - 484?
-997560
In base 7, what is -105102 - -10?
-105062
In base 3, what is 210 - -21220100120012?
21220100120222
In base 7, what is -2 - -3440132623?
3440132621
In base 16, what is -2 + -27147e?
-271480
In base 3, what is -21000211 - -2111?
-20221100
In base 4, what is 13322131 + 1133?
13323330
In base 14, what is 1328 + -6393?
-5069
In base 15, what is -6519c + 219?
-64e83
In base 5, what is 212232310 + 10111?
212242421
In base 16, what is 1 - -6b29f5?
6b29f6
In base 5, what is -24201122 + -111?
-24201233
In base 6, what is -4 + -3553133341?
-3553133345
In base 4, what is 2 + 1302100123122?
1302100123130
In base 2, what is 110001100100 + -1010000?
110000010100
In base 13, what is -b + -3c9905c?
-3c9906a
In base 6, what is -3025 + -53435?
-100504
In base 4, what is -1332103313332 - -3?
-1332103313323
In base 14, what is -1218d5c - -3?
-1218d59
In base 14, what is -121c76 + -122?
-121d98
In base 12, what is 132235b - 12?
1322349
In base 10, what is -2244 - -63336?
61092
In base 2, what is 10 - -10000000000000110111?
10000000000000111001
In base 13, what is -14ab9572 - 3?
-14ab9575
In base 2, what is -10111101 - -100011011110?
100000100001
In base 7, what is -4 + -3226341042?
-3226341046
In base 7, what is -154 + -120006024?
-120006211
In base 10, what is 57116 - -4423?
61539
In base 3, what is 20 + 2112012112121?
2112012112211
In base 3, what is -110 - -10111121020?
10111120210
In base 15, what is -2443846 - -1?
-2443845
In base 6, what is 320300 - -1212?
321512
In base 4, what is 2320331312310 + 0?
2320331312310
In base 7, what is -113105400 + -1?
-113105401
In base 14, what is -23 + -2bdd3a6?
-2bdd3c9
In base 7, what is 63 - -5624?
6020
In base 10, what is 3 - 256683244?
-256683241
In base 4, what is 3121011 + 1302303?
11023320
In base 4, what is -3 + -1021121231312?
-1021121231321
In base 12, what is -524a + 6600?
1372
In base 4, what is -12011303 - -110323?
-11300320
In base 2, what is -1101 - 1000010001000010111010000?
-1000010001000010111011101
In base 3, what is 110112 + 11011000?
11121112
In base 12, what is -48 - -5a23?
5997
In base 10, what is 6 - 8527074?
-8527068
In base 16, what is -96067 - -5d?
-9600a
In base 8, what is -64442 - 763?
-65425
In base 10, what is 73880362 + -1?
73880361
In base 11, what is 12 + 77a327?
77a339
In base 14, what is -12877 - -7?
-12870
In base 8, what is -2232 - -1452047?
1447615
In base 4, what is -10001 + 23233?
13232
In base 7, what is -1 + 201621041?
201621040
In base 15, what is -1 - -3887ea9?
3887ea8
In base 4, what is -112332212131030 - -3?
-112332212131021
In base 5, what is -32431 + -4010022?
-4043003
In base 4, what is 103 - 21030202331?
-21030202222
In base 11, what is 5 + 4946a24?
4946a29
In base 8, what is -35234 + -662?
-36116
In base 7, what is -536 - 51150?
-52016
In base 11, what is -4 - 6347997?
-63479a0
In base 10, what is -78509 - 13548?
-92057
In base 13, what is -17 - 7b085?
-7b09c
In base 14, what is 455c - 49a?
40a2
In base 4, what is 122032131213 + -2?
122032131211
In base 12, what is -15255a5 - -10?
-1525595
In base 15, what is -3 + -2e97857?
-2e9785a
In base 11, what is -45 - -6649814?
664977a
In base 13, what is 3 - 4b3c3?
-4b3c0
In base 7, what is -6002240 - 11?
-6002251
In base 2, what is -10111100110101000110011011 + 1?
-10111100110101000110011010
In base 14, what is -4a + -3c7a96d?
-3c7a9b9
In base 10, what is 41997 - 2911?
39086
In base 10, what is -214 + -458387?
-458601
In base 15, what is 2 - 8ea744?
-8ea742
In base 13, what is -3c0 - 18921?
-19011
In base 6, what is -10443110 - -13?
-10443053
In base 11, what is -78 + -a0551?
-a0619
In base 6, what is 303125500 + 0?
303125500
In base 13, what is 794c + -5660?
22bc
In base 4, what is 10332 - -113032321?
113103313
In base 15, what is -65 + 1a8e18?
1a8da3
In base 12, what is 375b93 - -49?
376020
In base 7, what is -1030 - -101555?
100525
In base 4, what is 1020022000 + 2331?
1020030331
In base 9, what is 232083265 + -4?
232083261
In base 14, what is -cbc - -2214?
1336
In base 15, what is 7 - 97098b9?
-97098b2
In base 10, what is 97537 + 221?
97758
In base 6, what is 1242 + -123523?
-122241
In base 15, what is -981 - -c90e?
be7d
In base 8, what is -1040076104 + -6?
-1040076112
In base 16, what is -2727 + -291?
-29b8
In base 10, what is 1 - 6679809?
-6679808
In base 2, what is -11 + -100100111111011011110111?
-100100111111011011111010
In base 15, what is -4d43 - 728?
-556b
In base 2, what is 1000011111110011 - 10010011011001?
110001100011010
In base 4, what is 1313221 + -13211?
1300010
In base 6, what is 522004 - -52030?
1014034
In base 11, what is 15a23 + 335?
16258
In base 12, w